 - 1) - -102)
-70
11 - ((1 - 4) + -344 + 327 - -15)
16
Calculate -33 + -9 + 40 + -32.
-34
Calculate -20 + 8 + 9 - (16 - (-14 - -13)).
-20
What is 12 + -6 - 5 - (12 + -1 - (80 - 92))?
-22
What is 0 + -1 + -15 + (-182 - -228)?
30
What is -83 + 14 + 48 + -20?
-41
Evaluate 65 - ((53 - 12) + (-20 - 2)).
46
Evaluate 84 - 185 - (1 + -28).
-74
What is -59 + 98 - (24 + (-23 - -33))?
5
-11 - ((-5 - (5 + 3)) + (1 - 33))
34
Evaluate 173 - 143 - (9 - -5).
16
-55 - -42 - -38 - (-5 + 2)
28
What is -55 + -11 - (-154 - -105)?
-17
What is the value of -1 + 3 + -12 - (-249 + 244)?
-5
What is the value of -131 - -70 - (-1 + 2 - -8 - -4)?
-74
What is the value of ((9 - 11) + -18 - -5) + 27?
12
-24 - (-7 + 44 + -42)
-19
Calculate -42 + (13 - -42 - 31) + (-50 - 3).
-71
(2 + 4 - 0) + (8 - (-28 + -13 + 12))
43
Evaluate -2 + -13 - ((-27 - -12) + 6) - (6 + -2).
-10
What is 57 + (-23 - -31) - (-1 + -15)?
81
What is the value of -13 - (17 + -16 + (14 - 10))?
-18
What is -3 + -24 + (-77 - -91) - (-5 - 101 - -3)?
90
What is (-22 - (-27 + -11) - 24) + (111 - (0 - -5))?
98
(91 - 133) + -3 + 30
-15
-16 - (-59 - (12 + -9 + -40))
6
What is (381 - (388 + -153)) + 3 + -2 + -3?
144
What is the value of (-25 - (4 - 19) - 13) + 43?
20
What is -6 - -4 - -62 - (108 + -102)?
54
Evaluate -9 - (18 + (12 + -10 - 21)).
-8
What is the value of -6 - (-18 + 54) - (12 + 38)?
-92
What is 13 - 57 - -35 - (-4 + 8) - -85?
72
Calculate (5 + 22 - (-101 + 129)) + 36.
35
What is 10 + -1 - (-6 + 15 + 14 + -2)?
-12
What is the value of (2 - 32) + (2 + 8 - (-21 - (56 - 81)))?
-24
(-43 - 7 - 51) + 1
-100
Calculate 0 - -63 - ((-1446 - -1462) + -14 + 0 + 2).
59
Calculate -5 - (-37 + -6 + 1 + -73 + 19 + 65).
26
-1 + 23 + -116 + 252 + -148
10
2 + -2 + -107 + (-38 - (199 - 233))
-111
Evaluate 16 + -16 + 47 + -9 + -50.
-12
10 + (-6 - (52 + 18)) + -10 + 12
-64
Evaluate -339 + 335 - (-4 - 20).
20
Evaluate (6 + -2 - -11 - 7 - (-4 - 43)) + -7.
48
Calculate -5 + -7 - (0 + 21 - (48 - 43)).
-28
Calculate 15 + (-37 - -16) + -1 + -93 + 46 + -36.
-90
Calculate -73 + -52 + 110 - (4 + -2 - 69).
52
(-27 - -7 - 24) + 23 + 47
26
Calculate -48 + -1 + -22 + 122.
51
What is the value of (-80 - -74) + -13 + 1 - -24?
6
-19 + (95 - 61) + (-2 - -7)
20
-15 + (-6 - -13) + 42 + (17 - 33)
18
What is (-94 - 10) + 100 + 83?
79
What is the value of 0 + -19 + 20 + 36 + (5 - (-4 - -6))?
40
What is the value of -31 - (-37 + (119 - 40))?
-73
(-48 - -59 - 57) + 119
73
Calculate 32 + -23 + (38 - (-25 - (-2 - 8))).
62
Evaluate 0 - -1 - (-30 - (-121 - (11 + -44))).
-57
Evaluate 61 + (-14 - -4) + -1 - (10 + (1 - 6)).
45
Evaluate (70 - 95) + -88 + 44.
-69
Evaluate 11 + -2 - (-26 + (19 - -12)).
4
Calculate -1145 + 1124 - (12 - 0).
-33
-99 + (1 - 3) + -1 + (120 + 74 - 201)
-109
8 - (-5 + -3) - (50 - 38)
4
(-1273 - -1223) + (49 - 0)
-1
-1 + (25 - 2) + -155 + 132
-1
-17 + 5 + 1 + (11 - (27 + -15)) + -89
-101
What is 40 + (90 - 44) + -141?
-55
Evaluate -21 + 0 + (-146 - -79 - -145).
57
What is the value of (-67 - -3) + 824 + -709?
51
Calculate -39 + 9 + 69 + -134 + 31.
-64
What is the value of 55 - (61 + (14 - 18))?
-2
44 - (-12 - (-94 - -60))
22
What is the value of (-18 + 19 - 8) + (0 - -3) + -156 + 165?
5
53 + -36 + 41 - (-1 - 4) - (1 - -4)
58
Evaluate -59 - (-13 + -30) - ((-2 - (2 + -1)) + -4).
-9
What is 56 - (-19 - (-8 + -8) - (-20 + 3))?
42
What is -1 + -19 + (-19 - (77 + -107))?
-9
(-76 - 47) + 71 + -25
-77
Calculate -5 - 1 - (17 - (11 + (-12 - -27))) - -51.
54
What is the value of 2 + 24 - (-86 - (-107 - -3))?
8
What is the value of 1 - -48 - (1640 - 1610)?
19
Calculate -73 + 37 + 76 - -24.
64
Evaluate 64 + (33 - (11 + 46)).
40
Evaluate -22 - (-188 + 62 - -54).
50
Calculate (4 - 9) + 52 + (8 - (-31 - -26)).
60
What is 36 + (59 + -27 - 39) + -60?
-31
What is (23 - 2) + (5 + 71 - 49) + -3?
45
Evaluate (14 - -2) + -14 - 30 - 22.
-50
What is the value of 16 - -33 - 7 - 30?
12
4 + -7 + 10 + (3 - -3 - -11) + -5
19
Calculate -215 + 239 + 3 + 5 + -113.
-81
What is the value of (9 + (-43 - -17) - -9) + (-27 - (-4 + 9))?
-40
27 - (22 + (43 - 11) + 15)
-42
What is the value of -103 - ((5 - 23) + -36)?
-49
Calculate (-14 - (-1 - 1)) + (2 - -2) - -9 - 52.
-51
Evaluate -2 - (0 + 9 + (-1 - -2) + (173 - 186)).
1
What is the value of (6 - -1 - 20) + 27 + -19 + -37?
-42
Evaluate 0 + 80 + -96 - (-65 - (-4 + 2)).
47
Evaluate 14 + 53 + -60 + (-1 - -7) + 74.
87
Evaluate (0 - 3 - (-14 - (0 + 0))) + (-252 - -299).
58
-56 - (56 - 64) - -73
25
What is the value of -5 + 7 + (-105 - -9 - (-2 + -13))?
-79
What is the value of -224 + 103 + 102 + -1 + -15?
-35
What is -49 + (78 + -26 - 33)?
-30
Evaluate (-12 - -7) + -5 + 9 + 9 + -1.
7
What is 14 + -43 + 4 - (-8 + 10 + -7 + 9)?
-29
Evaluate 49 - (-106 + (97 - 24)).
82
6 + 0 + (-11214 - -11118)
-90
Evaluate -16 + 10 + 12 + -51.
-45
What is (-227 - -129 - -149) + 1 + -2 + 12?
62
Evaluate -15 + (3 - 28) + 47 + 33.
40
Calculate -83 + (144 - -48) + -168.
-59
Evaluate (-65 - (14 + 1)) + (-70 - -42).
-108
Calculate -8 - (31 - (-8 + 10) - 11 - 2) - -10.
-14
-2 - -37 - (-27 - (-39 - (4 + -28)))
47
Evaluate -1 - 2 - 0 - (-28 + (21 - (2 - 101))).
-95
Evaluate -97 + 78 + -34 + -4.
-57
Evaluate 3 - (-9 + (3 - ((-5 - 65) + 8 - 4))).
-57
What is -1 - -1 - (-192 - -193) - 41?
-42
Evaluate 90 + -55 + (16 - 2).
49
What is 0 - -23 - (32 - 4 - (-539 + 565))?
21
1 + (3 - (-76 - -36)) - -24
68
Calculate 151 + -116 + -1 + -111.
-77
What is the value of 0 + -13 + 13 - (26 + -67)?
41
Calculate 36 - 17 - (-8 + 27 + 49).
-49
-15 + 2 + 0 - (-86 + 106) - (-11 - -1)
-23
Evaluate 74 + 4 - 1 - ((-20 - -1) + 11 - -17).
68
Evaluate 97 - (118 - (-133 + 119)).
-35
Evaluate (41 - 5) + -51 - -22.
7
(49 - -6) + (-45 + 17 - -32) - 9
50
What is the value of -1139 - -1085 - (-66 - -1)?
11
Evaluate (0 - 10 - (55 + -37 + -18)) + -17.
-27
What is 19 - (3 + -7) - (-1066 + 1085)?
4
What is the value of (59 - 71) + (-30 - -7)?
-35
-7 + (24 - 3 - (-125 + 148)) + (-5 - 0)
-14
What is the value of -24 + 280 + -142 - 240?
-126
What is the value of (-36 - -23) + 12 + 0 + 16 + 7?
22
Calculate ((-10 - -13) + 0 - 10) + (-4 - 3 - 3).
-17
Evaluate -17 - (8 + 10 + (-24 - (5 - 8))).
-14
What is the value of (-169 - -69 - -123) + -57?
-34
Evaluate 18 - 3 - ((25 - -24 - 21) + 3).
-16
9 + -3 + 11 + -23 + 46
40
(50 - (-45 - -19)) + -40 + -118
-82
What is the value of 0 + 25 + (-288 - (-12 + -198))?
-53
Calculate -6 + -5 + 3 - (-228 + 208).
12
Calculate 2 - (1 - -14) - (-34 + 4 - (-38 - -48)).
27
Evaluate (-1 - 5) + 54 + (-1 - (7 - (-5 + 14))).
49
What is -18 + (88 - (11 - -10)) - 7?
42
-6 + 0 + (16 - (16 - (3 - 2)) - -72)
67
Calculate -188 - (-142 - -25) - -86.
15
Evaluate (-331 - -173) + 110 - (0 - (1 + 4)).
-43
Evaluate 157 - (162 + 47 - 114).
62
What is -38 - (9 + 0 - (-19 - -18 - -25))?
-23
What is (2 - (1 - (-2 + 7))) + (3939 - 3969)?
-24
Calculate 243 - 349 - (-1 + -2 + (-3 - (0 + -2))).
-102
What is the value of -15 + -23 - -12 - -11 - (26 - 1)?
-40
What is the value of (-57 - 0) + -206 + 180?
-83
2 + (3 - 15 - (-34 - -38) - -85)
71
142 - (17 + 76) - -11
60
Evaluate (10 + -8 - 3) + -6 + 1 + -6 + 0.
-12
What is 15 - (17 + (-4 - -13)) - (-4 + -21)?
14
Evaluate -3 + 12 + (-118 - -106).
-3
What is the value of (6 - 53) + (22 - (1 - -2) - 19)?
-47
(90 - (-9 + 78)) + (12 - -4)
37
What is the value of (4 + -17 + 14 - (-1 + -3)) + 12 + -3?
14
What is -24 - (-2 - (3 + 2) - -22)?
-39
What is the value of (4145 - 4132) + (2 - (1 + -3 - -27))?
-10
Calculate 14 - (12 - (16 - 15 - 7)) - -14.
10
What is 1 + -3 + (-1 - 10) - (261 + -254)?
-20
Calculate -57 + -20 + -65 + 74.
-68
What is the value of 7 + -7 - 81 - (39 - 50 - -4)?
-74
Evaluate 44 + (32 - 74) + (10 - 9) + 1 + 2.
6
50 + (191 - 190 - (1 + -11)) + -24
37
(145 - 158 - (-4 + -32)) + 12 + 0 + 0
35
Calculate -83 + (-3 - 1) + -80 + 84 - 6.
-89
What is the value of 973 + -1016 - (-25 + -1)?
-17
Calculate -78 - ((-58 - -15) + 15).
-50
-14 - (43 - 92 - -41)
-6
Evaluate -4 + -8 + (41 + -25 - -2) - (-1 - -6).
1
What is -20 + 18 - ((4 - 6) + 1 - 6)?
5
Calculate -34 + -2 + 1 + (4 - 3) - (357 + -362).
-29
What is -1 + -2 + 1 + 0 + (-174 - (-54 + -175))?
53
What is the value of -127 + 3 - -4 - (16 + -10 + -19)?
-107
Evaluate 35 + (-22 - -22) + -58.
-23
3249 + -3367 + -8 + 4 + 29
-93
What is the value of -24 + -16 + -29 + 30?
-39
Calculate -12 + (-2